 9/(324/58554)*1*4?
6
Let h(t) = 48*t**2 - 2*t + 1. Suppose -9*g + 9 = -9. Suppose 3*u + g = 5*u. What is the units digit of h(u)?
7
Let k(s) = 9*s**2 - 4*s + 73. Let h be k(19). What is the units digit of h/30 - (-12)/15?
9
Suppose 5*u - 3*c - 32012 = 0, -u + 4*u + 5*c = 19214. What is the hundreds digit of u?
4
What is the thousands digit of 1/(13/(277290/6))?
3
Let v be (36/(-14))/((20/(-4))/(-35)). Let b = -15 - v. Suppose f = -b*f + 232. What is the tens digit of f?
5
Suppose -17*u + 112 = -41. Suppose 2*d + 5719 = u*d. What is the units digit of d?
7
Let m = 38 - 79. Let y = m + 47. Suppose -y*c - 3*t = -c - 857, 5*c - 4*t - 864 = 0. What is the units digit of c?
2
Let m = -95833 + 169955. What is the thousands digit of m?
4
Suppose 8572*w + 99135 = 8587*w. What is the tens digit of w?
0
Suppose 9*a - 5*a = 2040. Suppose 2*w = 3*w + 3*d - a, -5*d = w - 510. What is the tens digit of w?
1
Let a = -128 - -188. Suppose a - 1536 = -9*r. What is the hundreds digit of r?
1
Suppose -k - 3*p + 56700 = 0, 14219 = -2*k - 2*p + 127643. What is the ten thousands digit of k?
5
Suppose -3*u + 20 = 2*u, -u = -2*j + 678. Let w = j - 41. Suppose -216 = 3*d - 5*d - 4*b, -2*b = -3*d + w. What is the hundreds digit of d?
1
Let p = 2148 - -4326. What is the units digit of p?
4
Let l be (10 - 9)/(-2 + 11/5). What is the hundreds digit of (((-24)/l)/4)/((-30)/6075)?
2
Let a(j) = 6*j**3 - 7*j**2 + 3*j - 13. Let t(p) = p**3 - p. Let d(y) = -a(y) + 5*t(y). Let m be d(6). What is the hundreds digit of (-1)/m*(-1467)/9?
1
Suppose 0 = -34*s + 85*s - 426717. What is the thousands digit of s?
8
Let j = -386 - -390. Suppose r - 3*i - 1073 - 208 = 0, 0 = -j*r - i + 5124. What is the thousands digit of r?
1
Let g(n) = -n**3 - 8*n**2 + n - 8. Let b be g(-6). What is the tens digit of 570/(-342) - -1*b/(-3)?
2
Suppose -34*a + 45345 + 15515 = 0. Suppose 7*q - a = 2403. What is the hundreds digit of q?
5
Let l(c) = c**3 - 14*c**2 - 14*c - 4. Let u be l(15). Suppose -24*s + u*s + 10894 = 0. What is the hundreds digit of s?
8
Let w = -243 - -470. Suppose -x = -w - 187. What is the units digit of x?
4
Let k = 615 + -315. Let a = k + 1137. What is the hundreds digit of a?
4
Suppose -4*s - 78123 = -5*p, -2*s + 62488 = -15*p + 19*p. What is the tens digit of p?
2
Suppose -18*y + j = -15*y - 34774, 4*y = -j + 46349. What is the units digit of y?
9
Let s = 3941 + 5782. What is the tens digit of s?
2
Let h(m) = m**3 + 29*m**2 - 32*m - 66. Let d be h(-30). What is the hundreds digit of (16/(-12))/(d/2457)?
5
Let y = 272 + -280. What is the units digit of ((-224)/21 - y)*-84?
4
Let u be 1/1*(-81)/9. Let l(o) = 2*o**3 - 12*o**2 - 12*o. Let m(c) = -5*c**3 + 25*c**2 + 25*c - 1. Let h(g) = 7*l(g) + 3*m(g). What is the tens digit of h(u)?
7
Let m(j) = 45*j**2 - 15*j - 118. What is the thousands digit of m(-13)?
7
Suppose 348 = l - 441. Let x = -404 + l. What is the hundreds digit of x?
3
Let u be (-2877)/(-2) + (-6)/4. Suppose 6*x - u = 2319. What is the units digit of x?
6
Let z(b) = -71 + 108 + 2*b - 61. Let j be z(12). Suppose 8*q - 4*s - 641 = 3*q, 3*q + 3*s - 363 = j. What is the hundreds digit of q?
1
Suppose -25*p + 27*p = -4*l + 444, -5*l = -3*p + 721. Suppose -209 - p = -9*m. What is the tens digit of m?
4
Suppose 0 = -15*m + 13*m + 92. Let b = m - -20. Suppose 0 = -9*s + 11*s - b. What is the tens digit of s?
3
Suppose 49*k - 51456 = -6*j + 45*k, -3*j + 25722 = k. What is the hundreds digit of j?
5
Suppose -12*j + 9*j = 3. What is the hundreds digit of -1 - ((-5)/j*1 + -566)?
5
Suppose 4*t - 21162 = 5*h - 241678, -132316 = -3*h - 4*t. What is the thousands digit of h?
4
Suppose 8*l - 44 = 36. Let d = l - 4. Suppose 0 = 9*s - d*s - 129. What is the tens digit of s?
4
Suppose -5*o + 16 - 81 = 5*h, -2*o = -2*h - 34. Let f be -3*(-20)/h - 114. Let c = -65 - f. What is the tens digit of c?
5
Let z = -23698 + 47642. What is the units digit of z?
4
Let n be (624/(-2))/(81/108). Let f = n + 1104. What is the hundreds digit of f?
6
Suppose 4*p = -20*m + 25*m - 6645, 5*m - 6640 = 3*p. Let i = 2014 - m. What is the tens digit of i?
8
Let b(l) = -4*l + 12 + 814*l**2 - 40 + 17 + 14. What is the tens digit of b(1)?
1
Let q(b) = 2*b - 3*b + 29 - 3*b - 4*b. Suppose 9 = 5*d + 4*k + 35, 0 = d + 4*k + 2. What is the tens digit of q(d)?
7
Suppose 4*c + i + 55030 = 9*c, i = -3*c + 33018. What is the units digit of c?
6
Suppose 55*x = 92*x - 649128. What is the hundreds digit of x?
5
Suppose -2*z + 5*z = -3*n + 39, 0 = -5*z + n + 89. Suppose 0 = -t - 4*l - z, l + 8 = 2*t - 3. Suppose 0 = -t*r + 97 + 122. What is the tens digit of r?
7
Suppose -204*g - 42981 = -207*g. What is the thousands digit of g?
4
Suppose -4*b = -2*b - 310. Suppose 5*c = -16*p + 19*p - 831, 3*p + 5*c = 831. Let i = p - b. What is the tens digit of i?
2
What is the hundreds digit of 3798 - 0 - -4 - 28/(-7)?
8
Let t = -7 - -5. Let v be 492*(t/(-17) - 120/(-136)). Suppose 5*j + 4*g - 820 = g, -2*g = 3*j - v. What is the units digit of j?
4
Let c = -2135 - -9610. What is the thousands digit of c?
7
Let t = -34049 + 69241. What is the ten thousands digit of t?
3
Let z(k) = 100*k - 126. Let g be z(8). Suppose -5*h - 2*t + 3564 = -g, -5*h + 4246 = 4*t. What is the hundreds digit of h?
8
Let r be ((-9)/(-18))/((-51)/(-50) + -1). Suppose 949 = r*u - 7376. What is the tens digit of u?
3
Let g = 193 + -211. What is the hundreds digit of ((-8172)/g)/((-1)/((-3)/6))?
2
Suppose -8*i + 12065 = -3*i + w, -2*i = -3*w - 4843. What is the units digit of i?
4
Let d(i) = i + 1. Let l(q) = -228*q - 266. Let h(a) = 418*d(a) + 2*l(a). What is the hundreds digit of h(-26)?
8
Let i = 1468 - 798. Suppose -i = -3*r + 5*u + 103, 4*r - 1008 = u. What is the units digit of r?
1
Suppose 18*r - 23898 = -24*r. What is the units digit of r?
9
Suppose 0 = -4*d + 4 + 16. Suppose 11*n - 13*n + 1018 = 2*q, d*q - 3*n = 2505. What is the tens digit of q?
0
Let q = 72 + -68. Suppose 0*a - 2*p - 92 = -3*a, q*a - 124 = 2*p. Suppose 2*b - s - a = 2*s, -b + 2*s + 14 = 0. What is the units digit of b?
2
Let m(v) = 2199*v - 8814. What is the tens digit of m(12)?
7
Suppose -4*v + 73 = -7. Suppose -26*d + v*d = -3702. What is the units digit of d?
7
Suppose -678*l + 685*l = 33159. What is the units digit of l?
7
Let g = 7828 + -1204. What is the units digit of g?
4
Let p(s) = -22*s - 15. Let m be p(4). Let b = m + 516. Let u = b + -212. What is the tens digit of u?
0
Let q = 11868 - 4265. What is the tens digit of q?
0
Suppose -4 = h + 8. Let o = h + 12. Suppose -2*r + 0*r + 138 = a, -2*r + 4*a + 138 = o. What is the tens digit of r?
6
Suppose 5*r - 44471 = 16424. Suppose 0 = -21*v + 2*v + r. What is the tens digit of v?
4
Suppose 1074 = -5*h - 986. Let p = h - -798. What is the hundreds digit of p?
3
Let s = 3 - -1. Suppose -390 = -b - s*b. What is the units digit of b/(-4)*(-70)/15?
1
Suppose 4*q - 4*o - 37 = -405, -3*o + 92 = -q. Suppose -12 = 5*f + 3. What is the units digit of 4 - ((-9)/f + q)?
3
Let x = -50 - -62. Let u be 3 - (x/(-4) + (1 - -1)). Suppose -5*c + u*c + 5 = 0. What is the units digit of c?
5
Let l = 3042 + 685. Suppose 18*c - l = 1565. What is the tens digit of c?
9
Let v(d) = 6*d**2 + 40*d + 88. Let l be v(-20). Let z = -499 + l. What is the thousands digit of z?
1
Let x(i) = 3*i**2 + 11*i - 4. Let j be x(-3). Let y(m) = 5*m**2 + 27*m + 34. What is the hundreds digit of y(j)?
2
Suppose 0 = 13*l - 22*l - 10359. Let z = l + 1764. What is the tens digit of z?
1
Suppose -4*m - 1 = -x, -x = 2*x - 4*m - 19. What is the hundreds digit of ((-8)/(-6))/(x + 34581/(-3843))?
8
Suppose -71104*t - 370710 = -71122*t. What is the hundreds digit of t?
5
Let l = 31 - 27. Suppose 0 = -5*p + l*p + 50. Suppose -p - 62 = -w. What is the hundreds digit of w?
1
Let g = -39 + 57. Let a be (-27)/g + (-2)/4 + -12. Let m = a + 21. What is the units digit of m?
7
Let n(g) = 91*g**2 - 21*g + 70. What is the units digit of n(5)?
0
Suppose 4*u + 4*w = 42736, -3*u + 15*w = 10*w - 32052. Suppose -7*r = -u + 618. What is the units digit of r?
8
Suppose 0 = -3*n + n + 38. Suppose n*v - 20*v + 5 = 0. Suppose v*d = 22 + 23. What is the units digit of d?
9
What is the units digit of (-10 - -12)*(338745/(-2))/(-15)?
3
Let p = -518 - -864. Suppose -5*d = -p - 184. Suppose -b - d = -2*b. What i